13
Let m(c) = -c**3 + 10*c**2 + c + 1. Let r(x) = 2*x**3 - 21*x**2 - 3*x - 3. Let v(g) = 9*m(g) + 4*r(g). Calculate v(5).
7
Let j(k) = 5 - 5 - 8*k. Let b(s) = s + 6*s - 1 + 0*s. Let h(d) = 6*b(d) + 5*j(d). Give h(4).
2
Let p(a) = a - 4. Let b = 96 + -91. Give p(b).
1
Let h(u) be the third derivative of -u**4/24 + 12*u**2. Determine h(2).
-2
Let o(s) be the second derivative of s**4/12 - s**2/2 - 7*s. Calculate o(1).
0
Suppose -2*j + 5*f = j - 2, -4*j = -3*f - 10. Let o(c) = -c**2 + 4*c + 5. Calculate o(j).
5
Let k(w) = w**3 + w. Let x(d) = 2*d**3 - 2*d**2 + 3*d + 1. Suppose 5*t - 25 = 5. Let s be (-2)/t - 4/6. Let l(f) = s*x(f) + 3*k(f). Give l(-1).
0
Let t = -1 - -5. Suppose 15 = 2*k + 3*l, t*k + 5 = 5*l + 46. Let w = 6 - k. Let u(d) = -d - 1. Determine u(w).
2
Let s(k) = -k - 1. Let c be (-16)/(-12)*(4 - 1). Let v(u) = -2*u + 4. Let w be v(c). Determine s(w).
3
Let p(k) = -k**2 - 11*k - 9. Let i be (1 - (-4)/8)*20/(-3). What is p(i)?
1
Let m(u) = -11 + 11 + u - 4*u + 6. Determine m(4).
-6
Let c(u) = -2*u + 5. Let t(v) = -v**3 + 2*v**2 - v - 1. Let i be t(-2). Suppose -22 = -3*d - 7. Suppose d*h - i = 3. What is c(h)?
-3
Let d(x) = 6*x**3 - 25*x**2 - 36*x - 16. Let j(u) = u**3 - 5*u**2 - 7*u - 3. Let h(n) = 2*d(n) - 11*j(n). Suppose 0 = -0*g - 4*g - 16. Calculate h(g).
-3
Let u be (35/(-300))/7*-1. Let c(w) be the third derivative of 0 + u*w**5 - 1/6*w**4 - 4*w**2 - w**3 + 0*w. Give c(6).
6
Let g = 8 - 4. Suppose 0 = -g*n - 4, -5*n - 2 = -2*u + 3. Suppose -5*r + p + 2 = 0, -2*p - 4 = -u. Let v(d) = d - 1. What is v(r)?
-1
Let c(l) = -2*l + 2. Let a be c(-3). Let j(w) be the first derivative of -w**2/2 + 10*w - 1. Let y be j(a). Let d(f) = f - 1. Calculate d(y).
1
Let h(l) be the second derivative of -l**6/30 - l**5/60 - l**4/24 + l**3/6 - 3*l**2/2 + l. Let d(x) be the first derivative of h(x). Determine d(1).
-5
Let w be 7/(-21) + 32/6. Let n(p) = -4*p**2 + 2*p**2 + 5 + 4*p + p**2. What is n(w)?
0
Let a(i) be the second derivative of i**4/12 - 4*i**2 + 2*i. Suppose -3*d = -d. Calculate a(d).
-8
Let f(d) = d**2 - d + 3. Suppose 5*l - 15 = 0, -2*v + l = -3*l + 12. Determine f(v).
3
Let f(l) = l**2 - l + 5. Let y be (-187)/33 + (-4)/(-6). Let b be f(y). Let g be ((-42)/b)/((-2)/(-5)). Let h(a) = a**2 - 2*a - 3. What is h(g)?
12
Let x(p) = 1 + 64*p**2 + p**3 - 3 + p - 65*p**2. Give x(0).
-2
Let v(n) = 5*n**2 + 11*n - 2. Let b(g) = -6*g**2 - 12*g + 3. Let f(p) = -6*b(p) - 7*v(p). Let o(y) = y**2 - y - 1. Let z(c) = -f(c) + 4*o(c). Give z(-2).
10
Let h = 118 + -118. Let d(z) = z - 9. Determine d(h).
-9
Let y be 3 - ((-12)/(-2) + 0). Let l be (1 + y)/(-2) + -6. Let x(b) = 6*b + 5 - 2 + b**2 - 5. Give x(l).
-7
Let d be (-2 + (6 - -3))/1. Let i(v) = d*v - 6 - 4*v**2 + 3*v**2 - v. Give i(4).
2
Let q(c) = -8*c. Suppose -6*b + 4 + 2 = 0. What is q(b)?
-8
Let c(b) = b + 4. Let p(l) be the first derivative of l**3/3 - l**2 - 3*l + 7. Let k be p(-2). Determine c(k).
9
Let p(f) = -7*f**2 - 5*f - 5. Let v(d) = -3*d**2 - 2*d - 3. Let y(m) = 4*p(m) - 9*v(m). What is y(-5)?
-8
Let m(z) = 4*z**2 + 3*z + 2. Let t be m(-1). Let q(r) = t*r - 5 - 2*r + 7. Calculate q(-3).
-1
Let d(t) = -2*t - 12. Let w be d(-8). Let n(g) = 5 - 4*g**2 + 4 - 2*g**3 + w*g + g**3 - 2. Suppose -4*x + 2*x - 6 = 0, 3*r + 21 = -2*x. What is n(r)?
12
Let f(o) = -o**3 + 7*o**2 + 9*o - 11. Suppose 8 = n - 4*g, 2*g + 0*g = -3*n + 24. Calculate f(n).
-3
Suppose -4*c + 1 = j, 2*j + 2 = -5*c + 4*j. Let z(d) = c*d**2 - 4*d**2 + d**3 - d + 3*d. Suppose -12 = -2*m + 3*h, -2*m + 3*h + 21 = 3*m. Determine z(m).
-3
Let x(a) = 1. Let l(m) = 1. Let s(c) = 4*l(c) - 5*x(c). Suppose -2*k + 4 = 6. Let t(z) = 2*z + 13. Let p(h) = k*t(h) - 4*s(h). Calculate p(-6).
3
Let t(d) = 3*d**2 + d - 2. Let x(g) = -7*g**2 - 2*g + 4. Let y(s) = -5*t(s) - 2*x(s). Calculate y(0).
2
Let p(g) = g - 1. Suppose -4*l - l - 15 = 0. Let w(b) = -b**2 - 3*b - 2. Let u be w(l). Calculate p(u).
-3
Let s(k) = 0*k + 3*k**2 - 3*k**2 + k**2 - 5*k - 5. Give s(6).
1
Let v(q) be the second derivative of -q**4/12 - q**3/3 + 2*q. Let k(m) = -2*m**2 - 5*m - 5. Let g be k(-2). Calculate v(g).
-3
Let t(a) = 19*a**2 - 1. Let x be t(-1). Suppose 0 = 3*y + x. Let d(h) = h**2 - 7*h + 3. Let m(z) = z**2 + 1. Let o(l) = -d(l) + 2*m(l). What is o(y)?
-7
Suppose -2*o = -10, -3*c - 3*o + 59 = -5*o. Suppose -c = -4*g - 3. Suppose f = 2*f - g. Let t(q) = q**3 - 4*q**2 - 7*q + 6. Calculate t(f).
-4
Let r(c) = c**3 + 3*c**2 + 5*c + 4. Let j be 170/(-8) + 3/12. Let n = j + 18. Give r(n).
-11
Let u(w) be the first derivative of -w**6/360 - w**5/24 + 2*w**3/3 - 1. Let i(v) be the third derivative of u(v). Give i(-4).
4
Let p(h) = h**2 - 2*h - 2. Let d be p(-2). Let x(w) = -3*w - w**2 + 1 + d + 0. Let q(t) = t**2 + 58*t + 692. Let a be q(-41). Calculate x(a).
-3
Let l(v) = 1. Let o(q) = 6*q - 10. Let m(t) = -10*l(t) - o(t). What is m(1)?
-6
Let g(r) = r + 2. Let j(p) = 4*p + 5. Let d(o) = -7*g(o) + 2*j(o). What is d(-4)?
-8
Let u(s) = 11*s**3 + 7*s**2 - 4*s + 9. Let p(d) = 5*d**3 + 3*d**2 - 2*d + 4. Let k(m) = -9*p(m) + 4*u(m). Let z be (-16)/(-10) - 4/(-10). Give k(z).
0
Let i(c) = -c + 5. Let f be i(6). Let x(m) be the first derivative of -3*m**2/2 + 3. Calculate x(f).
3
Let w(s) be the third derivative of -s**6/120 - 7*s**5/60 + 2*s**2. Give w(-7).
0
Suppose -3*q - 6 = -2*u, -5*u + 4*q = -0 - 1. Let h(k) = 10*k**3 + 4*k**2 + 4*k - 4. Let i(f) = f**2 + f - 1. Let p(o) = u*i(o) + h(o). Determine p(1).
11
Let b = -1 + 4. Let l be (9/6)/((-2)/(-4)). Let i(t) = -3*t - 4*t - 4 + 5*t + l. What is i(b)?
-7
Let d(q) = -q**3 + 2*q**2 + 5*q. Let o = 10 + -12. Let b be (o + 4)/((-7)/(-14)). Calculate d(b).
-12
Suppose 5*i = 2*i + 69. Suppose 0 = v - 22 + i. Let x(h) = h. Calculate x(v).
-1
Let c(i) be the second derivative of 1/20*i**5 + 2*i**2 + 0 - 9*i + 1/4*i**4 - 1/2*i**3. Determine c(-3).
13
Let d(v) be the third derivative of -v**6/120 + v**5/60 - v**4/24 + 5*v**3/3 + 3*v**2. Give d(0).
10
Let a(d) = 3*d + 2. Let v(z) = -z - 10. Let h be v(-11). Let o = -2 - h. Give a(o).
-7
Suppose 5*z - 14 = 1. Suppose 2*a + 5 - z = 0. Let l(n) = -2*n**3 - n**2 - n. Determine l(a).
2
Let j(s) = -s**3 + 5*s**2 + 7*s - 8. Let m = 1 + 2. Suppose 5*v + 6 = 4*u + 94, -75 = -m*v - 5*u. Let o be 1*2 + v/5. Give j(o).
-2
Let y(j) = -13*j + 6. Let d(q) be the first derivative of 10*q**2 - 9*q - 6. Let b(u) = 5*d(u) + 8*y(u). What is b(2)?
-5
Suppose -4*m - 20 = -a - m, m = -5*a + 20. Let n be 0/2 + 20/a. Let w(i) = i**2 - 4*i + 3. Give w(n).
3
Let i = -1 + -1. Let p(t) = -2*t - 3*t**2 + 3*t + 2 - 2*t. What is p(i)?
-8
Let m(r) = -7*r**2 - 3*r + 7. Let u(d) = -15*d**2 - 7*d + 14. Let a(k) = -13*m(k) + 6*u(k). Let f be a(5). Let j(p) = p - 4. Determine j(f).
-1
Let u(d) = 4*d**2 + d - 1. Let h(z) = z**2 - 9*z. Let y be h(9). Let x be 1/((-9)/(-6) - 1). Suppose -5*m = -0*a + x*a - 17, 5*a + 2*m - 11 = y. Give u(a).
4
Let h(p) be the third derivative of p**7/5040 - p**6/360 - p**5/60 - 2*p**2. Let y(a) be the third derivative of h(a). What is y(-5)?
-7
Let i(z) = -44*z**3 - 1 - 2*z + 2*z**2 - 2*z**2 + 45*z**3. Give i(2).
3
Let s = -115 + 120. Let t(x) = -x**3 + 4*x**2 + 7*x + 1. What is t(s)?
11
Suppose 2*a - 9 = -m, -14 - 5 = -3*m - 2*a. Let x(t) = m - 5 - 3*t**2 - 23*t + 11. Let d(f) = -f**2 - 8*f + 4. Let c(i) = 8*d(i) - 3*x(i). Determine c(-5).
-1
Let r(z) be the second derivative of z**5/20 - z**3/6 + 14*z. Determine r(2).
6
Let j(k) = k + 9. Let p be j(-9). Let h(i) = -2 - i + 2 + 4. Calculate h(p).
4
Suppose 2*h - 7*t + 18 = -3*t, 0 = -4*h - 2*t + 14. Let d = 5 - h. Let c = 2 - d. Let n(o) = -o**2 - 1. Calculate n(c).
-5
Let c(o) = -o**3 - o**2 + o - 1. Let h(t) = -2*t**3 - 3*t**2 + 5*t - 2. Let d(m) = -3*c(m) + h(m). What is d(-2)?
-11
Let y(v) = v + 5. Let b be y(-5). Suppose -k + 6*o = 2*o + 6, 4*k - 4*o = b. Let r(m) = -2*m**3 + 6*m + m**3 - 6 - 8*m + 6*m**k. What is r(5)?
9
Let p(c) = -c - 1. Suppose 2*g + 2*h = h - 20, 5*g + 35 = 5*h. Let u = g - -13. Calculate p(u).
-5
Let b = -1 - -4. Let a(y) = 1 - b*y + 3*y + y + 1. What is a(-2)?
0
Let n(c) be the second derivative of -c**5/20 - 5*c**4/12 - c**3/2 - c**2/2 + 3*c. Calculate n(-4).
-5
Let u(j) = -10*j + 11. Let t(l) = -5*l + 5. Suppose -12 = 2*x - 4*x. Let a = x - 1. Let z(p) = a*t(p) - 2*u(p). Determine z(2).
-7
Let h(g) = 